51736*g - 135. Calculate a(133).
-2
Let h(z) = -7*z**2 - 24425*z - 1013503. What is h(-42)?
-1
Let w(f) = -f**3 + 35*f**2 - 4117*f + 133681. Give w(33).
-2
Let i(k) = -130*k**2 - 5637*k - 12556. Determine i(-41).
31
Let p(r) = -816*r - 17049. Determine p(-21).
87
Let k(l) = -69634*l - 2924645. What is k(-42)?
-17
Let j(b) = 950*b + 18113. Calculate j(-19).
63
Let h(j) = -1530*j - 15148. Give h(-8).
-2908
Let c(y) = -810*y**2 - 17860*y - 837. Give c(-22).
43
Let s(d) = -1610*d**2 + 3204*d + 4. Give s(2).
-28
Let u(m) = 3197*m + 60612. Determine u(-19).
-131
Let c(d) = -140*d**2 - 81*d - 173. What is c(-2)?
-571
Let h(r) = 2*r**3 + 93*r**2 - 121*r + 944. Give h(-48).
-160
Let w(t) = 8330*t + 166617. Determine w(-20).
17
Let x(g) = 5*g**3 - 5*g**2 + 31614*g - 94837. Give x(3).
95
Let h(w) = -124*w**2 - 2617*w - 130. Determine h(-21).
143
Let s(n) = 69773*n + 627951. Give s(-9).
-6
Let m(t) = t**2 + 109*t - 7567. Calculate m(-158).
175
Let y(x) = 6396*x - 166280. Calculate y(26).
16
Let x(u) = u**2 - 185515*u - 556551. Calculate x(-3).
3
Let n(j) = j**3 + 28*j**2 + 153*j + 3242. Give n(-27).
-160
Let q(z) = 622*z**3 + 8725*z**2 + 232*z - 78. Calculate q(-14).
6
Let d(y) = 30830*y - 246253. Give d(8).
387
Let s(g) = -1499*g - 23953. Calculate s(-16).
31
Let b(q) = -2*q**3 - 51*q**2 + 19*q + 573. Determine b(-24).
-1611
Let t(y) = -18*y**2 + 93*y - 843. Give t(9).
-1464
Let n(j) = 74*j**3 + 27*j**2 + 56*j + 109. Calculate n(-2).
-487
Let h(x) = 1784*x + 7224. What is h(-4)?
88
Let y(u) = 4*u**3 + 82*u**2 - 72*u - 653. Calculate y(-21).
-23
Let p(b) = -5180*b + 77706. What is p(15)?
6
Let r(l) = 2*l**3 + 2*l**2 - 150*l + 10. Give r(9).
280
Let m(v) = -3*v**3 + 29*v**2 - 64*v + 16. Give m(6).
28
Let o(v) = -134*v**2 + 17423*v - 409. Determine o(130).
-19
Let c(y) = 45*y**3 + 408*y**2 - 53*y - 714. What is c(-9)?
6
Let z(i) = -1402*i**2 - 23822*i + 206. Calculate z(-17).
2
Let j(n) = 4*n**3 + 58*n**2 - 922*n - 242. Calculate j(-24).
-2
Let i(c) = -6428*c - 64577. Calculate i(-10).
-297
Let r(n) = -9458*n + 8262. Calculate r(1).
-1196
Let v(s) = 1465*s - 716. Give v(1).
749
Let p(l) = l**3 + 282*l**2 + 561*l + 288. Determine p(-280).
8
Let j(f) = -85*f + 290. What is j(14)?
-900
Let h(j) = -268*j**2 + 3160*j + 619. Calculate h(12).
-53
Let q(l) = 2*l**3 - 31*l**2 + 47*l - 198. Determine q(13).
-432
Let h(f) = 4115*f + 15873. Calculate h(-4).
-587
Let i(k) = 2*k**2 + 9360*k + 121589. Calculate i(-13).
247
Let r(a) = 2768*a - 345959. Determine r(125).
41
Let u(k) = -9*k**2 - 338*k - 387. Give u(-38).
-539
Let r(t) = 2540*t + 33190. Determine r(-13).
170
Let j(b) = -5*b**2 - 1471*b + 23938. What is j(16)?
-878
Let t(a) = 1834*a - 38511. Determine t(21).
3
Let i(r) = r**3 - 103*r**2 + 1203*r + 3816. Determine i(89).
-11
Let c(n) = -2*n**2 + 34*n + 6624. Calculate c(76).
-2344
Let w(p) = 13465*p - 350068. What is w(26)?
22
Let v(a) = -12*a**2 + 377*a - 384. Give v(29).
457
Let i(a) = a**3 - 7*a**2 + 4*a + 84. What is i(7)?
112
Let h(q) = q**3 - 495*q**2 - 1390*q + 443391. Determine h(496).
-33
Let h(k) = -3*k**3 + 89*k**2 - 548*k - 1050. Calculate h(12).
6
Let p(k) = -10979*k - 11275433. What is p(-1027)?
0
Let j(z) = -4*z**2 + 394*z + 241807. Calculate j(300).
7
Let g(i) = 3*i**2 - 3031*i + 62337. Calculate g(21).
9
Let h(q) = -291*q + 90281. Give h(310).
71
Let w(l) = 3*l**2 + 470*l - 42. What is w(0)?
-42
Let f(l) = l**3 + 26*l**2 + 32*l - 562. Determine f(-23).
289
Let v(a) = -a**2 - 1262*a + 15148. Give v(12).
-140
Let m(c) = 1151*c - 5809. Calculate m(5).
-54
Let p(c) = -71*c**3 - 3052*c**2 + 81*c + 1576. Give p(-43).
-58
Let u(o) = -o**3 - 69*o**2 + 120*o + 8312. What is u(-69)?
32
Let a(x) = 32*x**3 - 11*x**2 - 13*x + 6. Give a(-2).
-268
Let i(c) = -550*c + 15913. Determine i(29).
-37
Let r(w) = -w**3 - 4*w**2 + 363*w + 2048. Give r(-6).
-58
Let i(m) = 2939*m - 370337. Calculate i(126).
-23
Let u(j) = -39*j + 916. Calculate u(-6).
1150
Let c(q) = 3105*q - 6250. Calculate c(2).
-40
Let m(t) = -91*t**3 - 1001*t**2 + 4806*t + 52872. What is m(-11)?
6
Let y(i) = -3*i**3 - 11*i**2 - 6952*i - 34773. What is y(-5)?
87
Let b(f) = 350*f**2 - 11619*f + 2285. What is b(33)?
8
Let n(w) = w**3 - 178*w**2 + 419*w + 48192. Calculate n(174).
-6
Let l(b) = -527162*b - 15287716. What is l(-29)?
-18
Let f(r) = 1716*r - 22223. Give f(13).
85
Let n(x) = 40*x**2 + 1300*x - 580. What is n(-33)?
80
Let a(q) = 273*q**2 - 13924*q + 151. Give a(51).
100
Let q(j) = -472*j + 6626. What is q(14)?
18
Let c(r) = -720*r - 1498. Determine c(-2).
-58
Let w(o) = -3*o**3 + 201*o**2 - 545*o - 1352. What is w(64)?
632
Let z(s) = 379*s + 35657. What is z(-94)?
31
Let h(l) = 22*l**3 - l**2 - 25*l - 21. Give h(-1).
-19
Let g(y) = -342*y**2 - 510*y + 1022. Determine g(2).
-1366
Let x(k) = -29*k**3 + 43*k**2 - 83*k + 55. Determine x(1).
-14
Let q(k) = 14975*k + 14570. Determine q(-1).
-405
Let i(l) = -28225*l + 282203. What is i(10)?
-47
Let k(j) = -5*j**2 - 757*j + 13386. Calculate k(16).
-6
Let h(k) = 20*k**2 + 6429*k + 34444. What is h(-316)?
0
Let z(v) = -21486*v - 1332121. Give z(-62).
11
Let k(c) = 2*c**3 + 814*c**2 + 33819*c - 7562. Give k(-360).
-2
Let c(d) = -7258*d + 319185. What is c(44)?
-167
Let p(z) = z**3 + 24*z**2 + 338*z + 5789. Determine p(-21).
14
Let o(i) = 181449*i - 362891. What is o(2)?
7
Let m(n) = -1876*n - 467121. Calculate m(-249).
3
Let x(u) = -2*u**2 - 1574*u - 29310. Calculate x(-19).
-126
Let o(i) = -1172*i + 5093. Give o(5).
-767
Let x(i) = -343*i + 2273. What is x(6)?
215
Let i(t) = -t**2 - 16032*t - 432050. Give i(-27).
85
Let m(f) = 544*f + 110971. Determine m(-204).
-5
Let w(c) = 4*c**2 + 20*c + 131. Determine w(-4).
115
Let t(o) = 84906*o - 4924565. Calculate t(58).
-17
Let p(q) = 1961*q**2 - 47071*q + 174. Give p(24).
6
Let i(q) = 37*q**2 + 3866*q + 5694. Calculate i(-103).
29
Let s(o) = -7*o**3 + 5*o**2 - 69*o - 266. Calculate s(-7).
2863
Let s(a) = -29*a**2 + 606*a - 3091. Determine s(12).
5
Let k(n) = -5*n**3 + 376*n**2 - 86*n + 957. What is k(75)?
132
Let c(b) = 84*b**2 - 4438*b - 29644. Determine c(-6).
8
Let j(t) = 13*t**2 + 8244*t + 1373. What is j(-634)?
105
Let n(f) = 3*f**2 - 59*f - 86. Determine n(-2).
44
Let x(p) = -p**3 - 59*p**2 + 48*p - 706. What is x(-60)?
14
Let d(w) = w**2 + 1560*w - 77014. Calculate d(48).
170
Let v(d) = -337*d - 2319. Calculate v(-6).
-297
Let y(m) = -6679*m**2 - 20034*m - 1. Calculate y(-3).
-10
Let x(t) = -t**3 - 8*t**2 + 142*t + 219. Determine x(-14).
-593
Let l(k) = -30783*k + 10312325. What is l(335)?
20
Let v(m) = 3115*m - 884674. Calculate v(284).
-14
Let r(k) = -30*k**2 + 37*k - 3. Give r(1).
4
Let u(f) = 708*f**2 - 54521*f + 387. Calculate u(77).
2
Let v(f) = 8*f**3 - 222*f**2 + 211*f + 9. What is v(1)?
6
Let i(a) = -846*a + 42773. Give i(50).
473
Let b(h) = -2*h**3 + 877*h**2 + 542*h - 45183. Calculate b(439).
34
Let n(y) = 9*y**3 + 445*y**2 + 3801*y - 26. Calculate n(-11).
29
Let w(o) = -o**3 - 233*o**2 + 1522*o + 354624. Determine w(-233).
-2
Let j(s) = -s**3 + 58*s**2 + 150*s - 24021. Calculate j(52).
3
Let y(s) = 3219*s - 57750. Calculate y(18).
192
Let b(u) = -7*u**3 - 9*u**2 + 90*u + 552. Determine b(-5).
752
Let g(y) = -19*y**2 + 4117*y - 2804. Determine g(216).
4
Let l(k) = k**3 + 73*k**2 - 4088*k - 49. Give l(37).
-715
Let k(p) = -4*p**3 + 32*p**2 - 33302*p + 232914. Give k(7).
-4
Let g(z) = z**2 + 747*z - 19270. Give g(25).
30
Let i(c) = -186*c**2 + 2711*c - 5748. Calculate i(12).
0
Let h(b) = -85*b**2 + 1482*b + 73771. What is h(-22)?
27
Let a(d) = 2*d**2 + 3*d - 3282. Give a(-39).
-357
Let d(x) = -1326*x**2 - 15920*x - 85. What is d(-12)?
11
Let n(m) = 974*m - 4974. Determine n(5).
-104
Let a(y) = -40*y**2 - 2518*y + 2633. Calculate a(-64).
-55
Let i(o) = -40*o**2 + 1079*o - 81. Give i(26).
933
Let z(j) = -43*j**3 - 2*j**2 - 11*j + 20. Determine z(3).
-1192
Let i(o) = -450*o + 1200. Give i(2).
300
Let j(m) = -9*m**2 + 889*m - 1771. Give j(2).
-29
Let w(m) = -7*m**2 + 667*m + 549. Calculate w(91).
3279
Let x(q) = 140*q**2 + 14*q + 20. Give x(3).
1322
Let x(j) = -14306*j - 42900. What is x(-3)?
18
Let g(m) = -11590*m - 161811. What is g(-14)?
449
Let k(t) = 6*t**2 + 336*t - 845. What is k(-58)?
-149
Let x(u) = -16*u**3 - 31*u**2 + 180*u - 49. Calculate x(5).
-1924
Let v(g) = -26*g**2 + 106*g - 1